t).
-15
Suppose -3*a + 240 = -36. Suppose -a*u = -91*u + 7. Let n(r) = -1 - r**2 - 3*r - 4*r + 9. What is n(u)?
8
Let j(p) = -36*p**3 - p**2 + 2*p + 2. Let y be j(-1). Let b = 38 - y. Let m(s) = b*s**3 - 1 + 0 - 2*s - 79*s**2 + 77*s**2. Give m(-1).
-4
Let f = -1660 - -1665. Let b(c) = -6*c**2 + 31*c - 5. Give b(f).
0
Let v(u) = u**3 + 22*u**2 - 135*u - 19. Let l be v(-27). Let t(r) = r**2 + 16*r - 48. Give t(l).
9
Let c = -47889 + 47893. Let b(u) = u + 1. Let r be b(1). Let d(j) = 3*j**r - 2*j**2 - 2 + 2*j - 4*j. Give d(c).
6
Let u be (-116)/14 + (-2)/(-7). Let p = -46 + 58. Let x(n) = 1798*n**2 - 8*n - 1807*n**2 - n - p - n**3. What is x(u)?
-4
Let i(l) be the first derivative of -l**4/4 - l**3/3 + l**2/2 - l - 366. Suppose -5*s + 12 = -3*s. Suppose -3*r + s*r = 0. Determine i(r).
-1
Let j = 41 - 40. Let g be (-2)/j + (1 - -3)/4. Let d(q) = 142 - 7*q - 68 - 75. Determine d(g).
6
Let s be 2/(-4)*(-1 + (-21)/1). Suppose 5*y = m + s, -m - m + 2 = 2*y. Let t be (4 + -5 + y)/(3/6). Let i(d) = 2*d**3 - 4*d**2 + 3*d - 1. Calculate i(t).
5
Let r(n) = 3*n + 2. Let v = -170 + 171. What is r(v)?
5
Let j(p) = 2*p**3 - 2*p**2 + 2*p - 1. Let r be j(1). Let n(b) = 1 + 0*b - 3*b + r. Let o(y) = -227*y - 225. Let s be o(-1). Determine n(s).
-4
Let c(r) be the second derivative of r**3/3 - 3*r**2/2 + r. Let j be (-28)/(-154) + (-80)/(-44). What is c(j)?
1
Let k(c) = c**2 - 9*c + 16. Let f(h) = -31*h - 5. Let r(o) = 13*o + 2. Let z(a) = -3*f(a) - 7*r(a). Let s(w) = -k(w) - 5*z(w). Calculate s(0).
-21
Let a be ((-57)/12 - -1)/((-1)/4). Suppose -a = 2*l + 1. Let q(x) = x**2 + 12*x + 4. Calculate q(l).
-28
Let i(a) be the third derivative of a**6/120 - a**5/15 - 7*a**4/24 + a**3/3 + a**2. Let p = 302 - 299. Suppose p*o - 14 = 1. What is i(o)?
-8
Let j(x) = -6*x - 19. Let r(f) = 4*f + 22. Let p(d) = 4*j(d) + 5*r(d). Determine p(6).
10
Let f(o) be the first derivative of o**3/6 - 7*o**2/2 + 17*o + 40. Let v(i) be the first derivative of f(i). Calculate v(0).
-7
Let x(s) = s**2 - 7*s - 8. Let q = -4072 - -4076. What is x(q)?
-20
Let m = 16112 + -16108. Let o(w) be the second derivative of w**5/20 - w**4/6 - 2*w**3/3 + 3*w**2/2 + 2*w. What is o(m)?
19
Let r(h) = 34*h + 78. Let g(q) = 25*q + 58. Let m(y) = 11*g(y) - 8*r(y). Give m(-18).
-40
Let n(p) = -p**2 - 20*p + 215. Let a be (45/(-20) + 1/4)*(-740)/185. Determine n(a).
-9
Suppose -3*i = -3*x, 10*i - 13*i = -5*x + 2. Let y(r) = -283*r**3 - 2*r**2 - 276*r**3 + 579*r**3 + r. Calculate y(i).
19
Let a(p) = 16*p**3 - 43*p**2 + 4*p - 5. Let g(b) = 5*b**3 - 13*b**2 + b - 1. Let i(v) = 3*a(v) - 10*g(v). Give i(-3).
52
Let s(z) = 15*z + 1. Let h(q) = -78*q + 60. Let i(o) = h(o) + 5*s(o). Give i(20).
5
Let q(j) = -j**2 - 11*j - 1. Suppose 0 = 2*h + 290*a - 295*a - 10, -4*h + a = 16. Determine q(h).
29
Let u(m) be the third derivative of 97*m**2 + 0*m + 0 - 7/30*m**5 + 1/6*m**3 + 1/24*m**4. Give u(-1).
-14
Let t(x) = -x + 24. Suppose 0 = -14*r - 4 + 32. Suppose -r*p - 80 = -4*y, 0*y - 4*y + 74 = p. Give t(y).
5
Let m(s) = s**3 + 13*s**2 + 10*s - 10. Suppose -2016 = -6*r - 2088. Give m(r).
14
Let y(r) = -r**3 - 10*r**2 - 14*r. Let w be 2*10*138/(-345). Give y(w).
-16
Let n be (-4)/(-10)*115/(-46). Let r(w) = -5*w - 4. Let y(p) = -p. Let j(x) = r(x) - 4*y(x). Let q(g) = -g - 1. Let o(f) = -j(f) + 5*q(f). Determine o(n).
3
Let n(q) = q**2 + 5*q - 4*q - q**3 - 2*q. Let j(z) = 6*z**3 - 5*z**2 + 5*z - 1. Suppose 3*y - 4*w - 20 = 7*y, 0 = 2*w. Let t(r) = y*n(r) - j(r). Give t(0).
1
Suppose 0 = 5*t - 80 + 70. Let k(v) = -2*v - 5 + 221*v**t - 220*v**2 + v. Calculate k(-5).
25
Suppose -3*n + 19 = 2*m, -5*n = 15*m - 19*m + 27. Let o(y) = 3*y - 7 + m - 2*y - 6 + 3*y**2. Give o(-4).
39
Let j(l) be the second derivative of l**7/2520 - 7*l**6/720 + l**5/30 + l**4/6 + 43*l**3/6 + 2*l - 119. Let r(s) be the third derivative of j(s). What is r(7)?
4
Let f(a) be the third derivative of -a**5/60 + a**4/6 - a**3 + 20*a**2 + 2. Let q(h) = h + 8. Let j be q(-3). Calculate f(j).
-11
Let n(r) = -10*r + 74. Let v be n(5). Let j(i) = -3 - 12*i - 8*i + 0 + v*i - 3*i. What is j(2)?
-1
Let y(j) be the second derivative of -j**4/6 - 7*j**3/6 - 7*j**2/2 - 3109*j + 2. Give y(-4).
-11
Let z(c) be the first derivative of -c**2/2 - 2*c + 2. Let u be 29 + (3 - 2)*2. Suppose 5*a = 5*p - 4*p - u, 11 = -2*a - p. What is z(a)?
4
Let y(c) be the third derivative of c**4/8 + 31*c**3/3 + 18*c**2 + 39*c. What is y(-21)?
-1
Let t(s) be the first derivative of -10*s**2 + 764*s + 11702. Calculate t(38).
4
Let p(t) be the first derivative of t**5/24 - t**4/4 + 53*t**3/3 - t**2 - 38. Let m(d) be the third derivative of p(d). Give m(4).
14
Let x(p) be the second derivative of -p**5/20 - 3*p**4/4 + 3*p**3 - 12*p**2 - 2944*p. What is x(-11)?
20
Let v = 59 + -89. Let j = v - -36. Let o(p) = -j + 3*p**2 + 9 - 7. What is o(-3)?
23
Let r(f) = -4*f - 7. Let w(v) be the second derivative of -v**5/20 - 11*v**4/6 + 22*v**3/3 - v**2/2 - 5*v. Let u be w(-24). Let t = u + -100. Calculate r(t).
13
Let i(y) = -5*y - 49. Let t be (-1750)/(-100)*2/(-10)*36/(-21). Give i(t).
-79
Let h be (-8)/((-24)/(-27))*(-110)/45. Let b(y) = -y + 9. Give b(h).
-13
Suppose q - 5*x - 78 = 0, -192 + 588 = 4*q + x. Let n be 4/(-7) + 154/q. Let b(s) = -3*s**2 - s + 1. Determine b(n).
-3
Let m(i) = 16*i + 440. Let h be (12/4)/(3/(-48 + 21)). Calculate m(h).
8
Let o(l) = 4*l + 6. Suppose 72 = 3*v - 3*g, 3*v - 4*g = 2*v + 33. Suppose -v + 154 = -19*r. Give o(r).
-22
Let h(n) = n + 2. Suppose -4 = -3*b + 2*d, -4*d + 15 = 4*b + 3. Let l(j) = -9*j**2 + j**3 + 8*j**b - 6*j**2 + 5*j + 2. Let g be l(6). Calculate h(g).
-2
Suppose 0*k - 3*k + 3 = -2*j, 5*j - 2 = -2*k. Suppose j = n - 35 + 19. Let r(z) = n - 2 + 0 - 42*z + 51*z - z**2. What is r(11)?
-8
Let h = -107 + 109. Suppose c = g - 4*c - 31, 2*c + 22 = h*g. Let y(s) = g*s + s - 6*s + 5. Calculate y(-7).
-2
Suppose 2*d = 13 + 3. Suppose q = 2*h + 2*h + 22, 5 = -h. Let m(n) = -5*n**q - 1 - 5 + 3*n**2 + n**2 - 5 + 10*n. Calculate m(d).
5
Suppose 0 = 26*m - 23*m - 6, -5*d - 5*m + 25 = 0. Let l(x) = 4*x**2 - 26*x**3 + 5*x + d*x**2 - 6*x - 6*x**2. Calculate l(1).
-26
Suppose -9*v - 576 = -25*v. Suppose 0 = 11*a - 69 + v. Let s(z) = -9*z + 1. Give s(a).
-26
Let r(z) = -z**3 - z**2 + z. Let n be ((-33)/(-12) - 5/(-20)) + -9. Let p be 21/12 - 2*n/48. Calculate r(p).
-10
Suppose 6*f = 4*f + 26. Suppose -46 = -3*r - f. Let y(x) = -6 + 13*x - 6 + r. What is y(1)?
12
Let m(w) = 38*w + 114. Let y(l) = 17*l + 56. Let t(v) = -6*m(v) + 13*y(v). Give t(6).
2
Let o be (1 - 0)/(2/(-10)). Let p(i) be the first derivative of -i**2 - 9*i + 15131. Calculate p(o).
1
Let i(h) = 2*h**3 + h**2 + h - 3. Let v(w) = -3*w**3 - 6*w**2 - 2*w + 9. Let c(r) = r**2 - 1. Let x(s) = 4*c(s) + v(s). Let q(f) = -7*i(f) - 4*x(f). Give q(-1).
3
Let c(t) be the third derivative of -t**5/60 + t**4/8 + t**3/2 - 2077*t**2. Let q(x) = x + 2. Let l be q(-4). Give c(l).
-7
Let l(b) = 2*b + 5 - b - 10 - 10. Let a(q) = 148*q + 2675. Let h be a(-18). Give l(h).
-4
Suppose 0 = -0*o - 2*o + 6. Suppose 0 = 5*p - 5*t - 20, o*t = -5*p - 2*t + 20. Suppose -5*f = 11 + p. Let g(r) = -r**2 - 4*r + 1. What is g(f)?
4
Let p(b) be the second derivative of -5*b**4/24 - b**3/3 + 21*b**2 + 40*b. Let f(d) be the first derivative of p(d). Give f(-2).
8
Let u(z) = -3*z - 22. Let l(r) = -2*r + 25. Let m be l(9). Suppose m*a + 65 - 2 = 0. Determine u(a).
5
Suppose -2*w = 77*t - 79*t, -w + 12 = 3*t. Let b(x) = 6 + 2 - 6 - x + w. What is b(2)?
3
Suppose -19*k - 4*k = 0. Suppose 3*l - 5*f - 44 = k, 3*l = 7*l + f - 28. Let d(z) = z - 1. What is d(l)?
7
Let y(w) = -5*w**2 + 2*w + 2. Let o = -97 - -113. Suppose 0 = -16*a - o - 0. What is y(a)?
-5
Let j(a) = a**2 + 8*a - 130. Let l(x) = x**2 + 10*x - 149. Let k(y) = 7*j(y) - 6*l(y). What is k(0)?
-16
Suppose 0 = -770*x + 1524*x - 773*x - 912. Let j(f) = -6*f - 308. Determine j(x).
-20
Let z(v) be the second derivative of -1/60*v**5 + 0 + 0*v**2 + 1/4*v**4 + 16/3*v**3 - 21*v. Let u(x) be the second derivative of z(x). Give u(7).
-8
Let f(d) be the second derivative of -d**4/12 - d**3 + 2*d**2 - d - 12. Let l(w) = -w. Suppose 4*p = -7 + 39. Let z be l(p). Determine f(z).
-12
Let l = -3036 + 3025. Let g(j) = -3*j - 22. Give g(l).
11
Let y = -199 - -204. Suppose 2*v + 14 = -y*v. Let w(b) = b + 